e factors of 1241.
17, 73
List the prime factors of 1674.
2, 3, 31
What are the prime factors of 9725?
5, 389
List the prime factors of 32241.
3, 11, 977
What are the prime factors of 571?
571
List the prime factors of 71620.
2, 5, 3581
List the prime factors of 2817.
3, 313
What are the prime factors of 5677?
7, 811
What are the prime factors of 10210?
2, 5, 1021
What are the prime factors of 1266?
2, 3, 211
What are the prime factors of 1723?
1723
What are the prime factors of 34021?
13, 2617
What are the prime factors of 533?
13, 41
What are the prime factors of 1147?
31, 37
What are the prime factors of 4612?
2, 1153
What are the prime factors of 16802?
2, 31, 271
What are the prime factors of 2207?
2207
List the prime factors of 36023.
13, 17, 163
What are the prime factors of 845?
5, 13
What are the prime factors of 2102?
2, 1051
What are the prime factors of 10500?
2, 3, 5, 7
List the prime factors of 409.
409
What are the prime factors of 3025?
5, 11
List the prime factors of 5728.
2, 179
List the prime factors of 7511.
7, 29, 37
List the prime factors of 3048.
2, 3, 127
What are the prime factors of 174991?
174991
List the prime factors of 23417.
23417
List the prime factors of 14914.
2, 7457
List the prime factors of 1583.
1583
List the prime factors of 67692.
2, 3, 5641
What are the prime factors of 695?
5, 139
List the prime factors of 1843.
19, 97
List the prime factors of 8744.
2, 1093
What are the prime factors of 9415?
5, 7, 269
List the prime factors of 38078.
2, 79, 241
What are the prime factors of 10?
2, 5
List the prime factors of 3490.
2, 5, 349
What are the prime factors of 3371?
3371
List the prime factors of 932.
2, 233
List the prime factors of 4717.
53, 89
What are the prime factors of 12862?
2, 59, 109
List the prime factors of 24216.
2, 3, 1009
List the prime factors of 19.
19
What are the prime factors of 1687?
7, 241
List the prime factors of 4783.
4783
What are the prime factors of 127?
127
List the prime factors of 8650.
2, 5, 173
List the prime factors of 5760.
2, 3, 5
What are the prime factors of 13434?
2, 3, 2239
List the prime factors of 72136.
2, 71, 127
What are the prime factors of 9893?
13, 761
What are the prime factors of 50?
2, 5
List the prime factors of 60254.
2, 47, 641
What are the prime factors of 6887?
71, 97
List the prime factors of 709.
709
List the prime factors of 6660.
2, 3, 5, 37
List the prime factors of 5279.
5279
List the prime factors of 999.
3, 37
What are the prime factors of 1144?
2, 11, 13
List the prime factors of 878.
2, 439
List the prime factors of 106599.
3, 35533
What are the prime factors of 326?
2, 163
List the prime factors of 18425.
5, 11, 67
What are the prime factors of 49670?
2, 5, 4967
What are the prime factors of 108055?
5, 21611
What are the prime factors of 29866?
2, 109, 137
List the prime factors of 62911.
53, 1187
What are the prime factors of 128?
2
List the prime factors of 983.
983
List the prime factors of 303.
3, 101
List the prime factors of 1032.
2, 3, 43
What are the prime factors of 5322?
2, 3, 887
What are the prime factors of 16689?
3, 5563
What are the prime factors of 20260?
2, 5, 1013
List the prime factors of 5935.
5, 1187
What are the prime factors of 375?
3, 5
What are the prime factors of 32387?
139, 233
What are the prime factors of 39379?
53, 743
List the prime factors of 1850.
2, 5, 37
List the prime factors of 1113.
3, 7, 53
List the prime factors of 35134.
2, 11, 1597
What are the prime factors of 21352?
2, 17, 157
What are the prime factors of 51878?
2, 25939
What are the prime factors of 4411?
11, 401
What are the prime factors of 48464?
2, 13, 233
List the prime factors of 18555.
3, 5, 1237
What are the prime factors of 26924?
2, 53, 127
What are the prime factors of 586?
2, 293
List the prime factors of 817.
19, 43
List the prime factors of 70000.
2, 5, 7
List the prime factors of 2482.
2, 17, 73
What are the prime factors of 1987?
1987
What are the prime factors of 40139?
11, 41, 89
List the prime factors of 2105.
5, 421
List the prime factors of 3118.
2, 1559
What are the prime factors of 3665?
5, 733
What are the prime factors of 58634?
2, 19, 1543
What are the prime factors of 676?
2, 13
What are the prime factors of 10688?
2, 167
List the prime factors of 15896.
2, 1987
List the prime factors of 1323.
3, 7
What are the prime factors of 36602?
2, 18301
What are the prime factors of 3564?
2, 3, 11
What are the prime factors of 1872?
2, 3, 13
What are the prime factors of 16078?
2, 8039
List the prime factors of 43433.
13, 257
List the prime factors of 100876.
2, 25219
List the prime factors of 6720.
2, 3, 5, 7
List the prime factors of 160.
2, 5
List the prime factors of 8763.
3, 23, 127
What are the prime factors of 67860?
2, 3, 5, 13, 29
List the prime factors of 2198.
2, 7, 157
What are the prime factors of 117?
3, 13
What are the prime factors of 1042?
2, 521
List the prime factors of 2431.
11, 13, 17
What are the prime factors of 141652?
2, 7, 5059
List the prime factors of 470.
2, 5, 47
List the prime factors of 38016.
2, 3, 11
What are the prime factors of 2938?
2, 13, 113
List the prime factors of 30052.
2, 11, 683
What are the prime factors of 74082?
2, 3, 12347
What are the prime factors of 146425?
5, 5857
List the prime factors of 67488.
2, 3, 19, 37
What are the prime factors of 21163?
21163
List the prime factors of 3745.
5, 7, 107
List the prime factors of 74147.
53, 1399
List the prime factors of 512.
2
List the prime factors of 495.
3, 5, 11
List the prime factors of 1068.
2, 3, 89
What are the prime factors of 57663?
3, 43, 149
What are the prime factors of 559?
13, 43
List the prime factors of 12760.
2, 5, 11, 29
List the prime factors of 1301.
1301
What are the prime factors of 61?
61
List the prime factors of 5877.
3, 653
What are the prime factors of 26236?
2, 7, 937
List the prime factors of 4501.
7, 643
What are the prime factors of 4129?
4129
List the prime factors of 6832.
2, 7, 61
What are the prime factors of 1767?
3, 19, 31
List the prime factors of 38742.
2, 3, 11, 587
List the prime factors of 20251.
7, 11, 263
What are the prime factors of 1328?
2, 83
What are the prime factors of 13812?
2, 3, 1151
List the prime factors of 121482.
2, 3, 17, 397
List the prime factors of 53734.
2, 67, 401
What are the prime factors of 6770?
2, 5, 677
What are the prime factors of 14097?
3, 37, 127
What are the prime factors of 528?
2, 3, 11
What are the prime factors of 8740?
2, 5, 19, 23
What are the prime factors of 1000?
2, 5
What are the prime factors of 2270?
2, 5, 227
What are the prime factors of 6113?
6113
What are the prime factors of 12561?
3, 53, 79
List the prime factors of 4927.
13, 379
What are the prime factors of 7317?
3, 271
What are the prime factors of 9734?
2, 31, 157
List the prime factors of 19033.
7, 2719
List the prime factors of 64763.
64763
List the prime factors of 21999.
3, 7333
List the prime factors of 336.
2, 3, 7
What are the prime factors of 1490?
2, 5, 149
List the prime factors of 4486.
2, 2243
What are the prime factors of 28381?
101, 281
What are the prime factors of 1068?
2, 3, 89
List the prime factors of 1134.
2, 3, 7
What are the prime factors of 469?
7, 67
What are the prime factors of 1003?
17, 59
List the prime factors of 29598.
2, 3, 4933
What are the prime factors of 56035?
5, 7, 1601
What are the prime factors of 8565?
3, 5, 571
List the prime factors of 15455.
5, 11, 281
List the prime factors of 396.
2, 3, 11
What are the prime factors of 10595?
5, 13, 163
List the prime factors of 58213.
23, 2531
What are the prime factors of 404?
2, 101
List the prime factors of 39102.
2, 3, 7, 19
What are the prime factors of 2688?
2, 3, 7
What are the prime factors of 2039?
2039
List the prime factors of 82.
2, 41
List the prime factors of 592.
2, 37
What are the prime factors of 4447?
4447
What are the prime factors of 4959?
3, 19, 29
What are the prime factors of 1319?
1319
What are the prime factors of 22162?
2, 7, 1583
What are the prime factors of 17756?
2, 23, 193
List the prime factors of 2330.
2, 5, 233
List the prime factors of 121.
11
List the prime factors of 22822.
2, 11411
What are the prime factors of 46400?
2, 5, 29
List the prime factors of 1659.
3, 7, 79
Lis